{"id":1007,"date":"2025-07-28T15:57:00","date_gmt":"2025-07-28T15:57:00","guid":{"rendered":"https:\/\/www.mg-laser.de\/?post_type=product&#038;p=1007"},"modified":"2026-04-02T11:05:55","modified_gmt":"2026-04-02T09:05:55","slug":"mixto-pro-mit-venezia-lift","status":"publish","type":"product","link":"https:\/\/mglaser.ch\/home\/product\/mixto-pro-mit-venezia-lift\/","title":{"rendered":"MiXto Venezia Lift"},"content":{"rendered":"<p><div class=\"fusion-fullwidth fullwidth-box fusion-builder-row-1 fusion-flex-container has-pattern-background has-mask-background nonhundred-percent-fullwidth non-hundred-percent-height-scrolling\" style=\"--awb-border-radius-top-left:0px;--awb-border-radius-top-right:0px;--awb-border-radius-bottom-right:0px;--awb-border-radius-bottom-left:0px;--awb-padding-top:50px;--awb-padding-bottom:50px;--awb-flex-wrap:wrap;\" ><div class=\"fusion-builder-row fusion-row fusion-flex-align-items-flex-start fusion-flex-justify-content-center fusion-flex-content-wrap\" style=\"max-width:1497.6px;margin-left: calc(-4% \/ 2 );margin-right: calc(-4% \/ 2 );\"><div class=\"fusion-layout-column fusion_builder_column fusion-builder-column-0 fusion_builder_column_1_2 1_2 fusion-flex-column fusion-flex-align-self-stretch\" style=\"--awb-bg-size:cover;--awb-width-large:50%;--awb-margin-top-large:0px;--awb-spacing-right-large:3.84%;--awb-margin-bottom-large:20px;--awb-spacing-left-large:0%;--awb-width-medium:50%;--awb-order-medium:0;--awb-spacing-right-medium:3.84%;--awb-spacing-left-medium:0%;--awb-width-small:100%;--awb-order-small:0;--awb-spacing-right-small:1.92%;--awb-spacing-left-small:1.92%;\"><div class=\"fusion-column-wrapper fusion-column-has-shadow fusion-flex-justify-content-center fusion-content-layout-column\"><div class=\"fusion-image-element \" style=\"--awb-caption-title-font-family:var(--h2_typography-font-family);--awb-caption-title-font-weight:var(--h2_typography-font-weight);--awb-caption-title-font-style:var(--h2_typography-font-style);--awb-caption-title-size:var(--h2_typography-font-size);--awb-caption-title-transform:var(--h2_typography-text-transform);--awb-caption-title-line-height:var(--h2_typography-line-height);--awb-caption-title-letter-spacing:var(--h2_typography-letter-spacing);\"><span class=\" fusion-imageframe imageframe-none imageframe-1 hover-type-none\"><img decoding=\"async\" width=\"400\" height=\"497\" title=\"veneziabehandlung\" src=\"https:\/\/mglaser.ch\/wp-content\/uploads\/2025\/10\/veneziabehandlung.jpg\" alt class=\"img-responsive wp-image-1140\" srcset=\"https:\/\/mglaser.ch\/wp-content\/uploads\/2025\/10\/veneziabehandlung-241x300.jpg 241w, https:\/\/mglaser.ch\/wp-content\/uploads\/2025\/10\/veneziabehandlung.jpg 698w\" sizes=\"(max-width: 400px) 100vw, 400px\" \/><\/span><\/div><\/div><\/div><div class=\"fusion-layout-column fusion_builder_column fusion-builder-column-1 fusion_builder_column_1_2 1_2 fusion-flex-column fusion-flex-align-self-stretch\" style=\"--awb-bg-size:cover;--awb-width-large:50%;--awb-margin-top-large:0px;--awb-spacing-right-large:0%;--awb-margin-bottom-large:20px;--awb-spacing-left-large:3.84%;--awb-width-medium:50%;--awb-order-medium:0;--awb-spacing-right-medium:0%;--awb-spacing-left-medium:3.84%;--awb-width-small:100%;--awb-order-small:0;--awb-spacing-right-small:1.92%;--awb-spacing-left-small:1.92%;\"><div class=\"fusion-column-wrapper fusion-column-has-shadow fusion-flex-justify-content-center fusion-content-layout-column\"><div class=\"fusion-text fusion-text-1 fusion-text-no-margin\" style=\"--awb-content-alignment:left;--awb-font-size:20px;--awb-text-transform:uppercase;--awb-text-color:var(--awb-color4);--awb-text-font-family:&quot;Neue Plak&quot;;--awb-text-font-style:normal;--awb-text-font-weight:400;\"><p><\/a><\/p>\n<p>Ger\u00e4te-Highlights<\/p>\n<\/div><div class=\"fusion-title title fusion-title-1 fusion-sep-none fusion-title-text fusion-title-size-three\" style=\"--awb-font-size:35px;\"><h3 class=\"fusion-title-heading title-heading-left fusion-responsive-typography-calculated\" style=\"margin:0;font-size:1em;--fontSize:35;line-height:var(--awb-typography1-line-height);\">Mixto Venezia Lift<\/h3><\/div><div class=\"fusion-text fusion-text-2\"><p>Der neuartige Venezia Lift bietet durch die patentierte CW-Chopper Technologie einen non-ablativen fraktionierten Modus. Kontrollierte Hitze wird tief ins Gewebe verteilt. Dadurch werden die Ausfallzeiten gering \u2013 nur 1-2 Tage Erytheme, keine Krustenbildung auf der Haut, dadurch ist auch eine Behandlung im Sommer m\u00f6glich. Am n\u00e4chsten Tag Make-Up auftragen m\u00f6glich.<\/p>\n<\/div>\n<div ><a class=\"fusion-button button-flat fusion-button-default-size button-default fusion-button-default button-1 fusion-button-default-span fusion-button-default-type\" target=\"_self\"><i class=\"fa-long-arrow-alt-right fas awb-button__icon awb-button__icon--default button-icon-left\" aria-hidden=\"true\"><\/i><span class=\"fusion-button-text awb-button__text awb-button__text--default\">\n<p>  Zu den Vorher-Nachher-Bildern<\/p>\n<\/span><\/a><\/div>\n<\/div><\/div><div class=\"fusion-layout-column fusion_builder_column fusion-builder-column-2 fusion_builder_column_1_1 1_1 fusion-flex-column fusion-flex-align-self-center\" style=\"--awb-padding-top:80px;--awb-padding-right:20px;--awb-padding-bottom:80px;--awb-padding-left:20px;--awb-overflow:hidden;--awb-bg-color:var(--awb-color4);--awb-bg-color-hover:var(--awb-color4);--awb-bg-size:cover;--awb-border-radius:10px 10px 10px 10px;--awb-width-large:100%;--awb-margin-top-large:0px;--awb-spacing-right-large:0%;--awb-margin-bottom-large:20px;--awb-spacing-left-large:0%;--awb-width-medium:100%;--awb-order-medium:0;--awb-spacing-right-medium:0%;--awb-spacing-left-medium:0%;--awb-width-small:100%;--awb-order-small:0;--awb-spacing-right-small:1.92%;--awb-spacing-left-small:1.92%;\"><div class=\"fusion-column-wrapper fusion-column-has-shadow fusion-flex-justify-content-flex-start fusion-content-layout-column\"><div class=\"fusion-builder-row fusion-builder-row-inner fusion-row fusion-flex-align-items-flex-start fusion-flex-justify-content-center fusion-flex-content-wrap\" style=\"width:104% !important;max-width:104% !important;margin-left: calc(-4% \/ 2 );margin-right: calc(-4% \/ 2 );\"><div class=\"fusion-layout-column fusion_builder_column_inner fusion-builder-nested-column-0 fusion_builder_column_inner_1_3 1_3 fusion-flex-column fusion-flex-align-self-center\" style=\"--awb-bg-size:cover;--awb-width-large:33.3333333333%;--awb-margin-top-large:0px;--awb-spacing-right-large:5.76%;--awb-margin-bottom-large:0px;--awb-spacing-left-large:5.76%;--awb-width-medium:33.3333333333%;--awb-order-medium:0;--awb-spacing-right-medium:5.76%;--awb-spacing-left-medium:5.76%;--awb-width-small:100%;--awb-order-small:0;--awb-spacing-right-small:1.92%;--awb-spacing-left-small:1.92%;\"><div class=\"fusion-column-wrapper fusion-column-has-shadow fusion-flex-justify-content-flex-start fusion-content-layout-column\"><div class=\"fusion-text fusion-text-3 fusion-text-no-margin\" style=\"--awb-content-alignment:left;--awb-font-size:16px;--awb-text-transform:uppercase;--awb-text-color:var(--awb-color1);--awb-text-font-family:&quot;Neue Plak&quot;;--awb-text-font-style:normal;--awb-text-font-weight:400;\"><p>Einzigartige Vorz\u00fcge<\/p>\n<\/div><div class=\"fusion-title title fusion-title-2 fusion-sep-none fusion-title-text fusion-title-size-three\" style=\"--awb-text-color:var(--awb-color1);--awb-font-size:35px;\"><h3 class=\"fusion-title-heading title-heading-left fusion-responsive-typography-calculated\" style=\"margin:0;font-size:1em;--fontSize:35;line-height:var(--awb-typography1-line-height);\">Vorteile des Venezia Lift<\/h3><\/div><\/div><\/div><div class=\"fusion-layout-column fusion_builder_column_inner fusion-builder-nested-column-1 fusion_builder_column_inner_1_2 1_2 fusion-flex-column\" style=\"--awb-bg-size:cover;--awb-width-large:50%;--awb-margin-top-large:0px;--awb-spacing-right-large:3.84%;--awb-margin-bottom-large:0px;--awb-spacing-left-large:3.84%;--awb-width-medium:50%;--awb-order-medium:0;--awb-spacing-right-medium:3.84%;--awb-spacing-left-medium:3.84%;--awb-width-small:100%;--awb-order-small:0;--awb-spacing-right-small:1.92%;--awb-spacing-left-small:1.92%;\"><div class=\"fusion-column-wrapper fusion-column-has-shadow fusion-flex-justify-content-flex-start fusion-content-layout-column\"><ul style=\"--awb-margin-top:30px;--awb-iconcolor:var(--awb-color4);--awb-textcolor:var(--awb-color1);--awb-line-height:27.2px;--awb-icon-width:27.2px;--awb-icon-height:27.2px;--awb-icon-margin:11.2px;--awb-content-margin:38.4px;--awb-circlecolor:#ffffff;--awb-circle-yes-font-size:14.08px;\" class=\"fusion-checklist fusion-checklist-1 fusion-checklist-default type-icons custom-list-repeater\"><li class=\"fusion-li-item\" style=\"\"><span class=\"icon-wrapper circle-yes\"><i class=\"fusion-li-icon awb-icon-check\" aria-hidden=\"true\"><\/i><\/span><div class=\"fusion-li-item-content\">\n<p>Tiefenwirksame non-ablative Kollagenstimulation<\/p>\n<\/div><\/li><li class=\"fusion-li-item\" style=\"\"><span class=\"icon-wrapper circle-yes\"><i class=\"fusion-li-icon awb-icon-check\" aria-hidden=\"true\"><\/i><\/span><div class=\"fusion-li-item-content\">\n<p>ganzj\u00e4hrig verwendbar\/sommertauglich<\/p>\n<\/div><\/li><li class=\"fusion-li-item\" style=\"\"><span class=\"icon-wrapper circle-yes\"><i class=\"fusion-li-icon awb-icon-check\" aria-hidden=\"true\"><\/i><\/span><div class=\"fusion-li-item-content\">\n<p>Breites Indikationsspektrum\/delegierbar<\/p>\n<\/div><\/li><li class=\"fusion-li-item\" style=\"\"><span class=\"icon-wrapper circle-yes\"><i class=\"fusion-li-icon awb-icon-check\" aria-hidden=\"true\"><\/i><\/span><div class=\"fusion-li-item-content\">\n<p>keine Krusten<\/p>\n<\/div><\/li><\/ul><\/div><\/div><\/div><div class=\"fusion-video fusion-youtube\" style=\"--awb-max-width:600px;--awb-max-height:350px;--awb-align-self:center;--awb-width:100%;--awb-margin-top:25px;\"><div class=\"video-shortcode\"><div class=\"fluid-width-video-wrapper\" style=\"padding-top:58.33%;\" ><iframe title=\"YouTube video player 1\" src=\"https:\/\/www.youtube.com\/embed\/33X-dLMvvqk?wmode=transparent&autoplay=0\" width=\"600\" height=\"350\" allowfullscreen allow=\"autoplay; clipboard-write; encrypted-media; gyroscope; picture-in-picture;\"><\/iframe><\/div><\/div><\/div><\/div><\/div><\/div><\/div><div class=\"fusion-fullwidth fullwidth-box fusion-builder-row-2 fusion-flex-container has-pattern-background has-mask-background nonhundred-percent-fullwidth non-hundred-percent-height-scrolling\" style=\"--awb-border-radius-top-left:0px;--awb-border-radius-top-right:0px;--awb-border-radius-bottom-right:0px;--awb-border-radius-bottom-left:0px;--awb-padding-top:50px;--awb-padding-bottom:50px;--awb-flex-wrap:wrap;\" ><div class=\"fusion-builder-row fusion-row fusion-flex-align-items-flex-start fusion-flex-content-wrap\" style=\"max-width:1497.6px;margin-left: calc(-4% \/ 2 );margin-right: calc(-4% \/ 2 );\"><div class=\"fusion-layout-column fusion_builder_column fusion-builder-column-3 fusion_builder_column_1_2 1_2 fusion-flex-column\" style=\"--awb-bg-size:cover;--awb-width-large:50%;--awb-margin-top-large:0px;--awb-spacing-right-large:3.84%;--awb-margin-bottom-large:20px;--awb-spacing-left-large:3.84%;--awb-width-medium:50%;--awb-order-medium:0;--awb-spacing-right-medium:3.84%;--awb-spacing-left-medium:3.84%;--awb-width-small:100%;--awb-order-small:0;--awb-spacing-right-small:1.92%;--awb-spacing-left-small:1.92%;\"><div class=\"fusion-column-wrapper fusion-column-has-shadow fusion-flex-justify-content-flex-start fusion-content-layout-column\"><div class=\"fusion-text fusion-text-4 fusion-text-no-margin\" style=\"--awb-content-alignment:left;--awb-font-size:20px;--awb-text-transform:uppercase;--awb-text-color:var(--awb-color4);--awb-text-font-family:&quot;Neue Plak&quot;;--awb-text-font-style:normal;--awb-text-font-weight:400;\"><p>Gut zu wissen<\/p>\n<\/div><div class=\"fusion-title title fusion-title-3 fusion-sep-none fusion-title-text fusion-title-size-two\" style=\"--awb-font-size:40px;\"><h2 class=\"fusion-title-heading title-heading-left fusion-responsive-typography-calculated\" style=\"margin:0;font-size:1em;--fontSize:40;line-height:var(--awb-typography1-line-height);\">Die wichtigsten Fragen zu Venezia Lift:<\/h2><\/div><div class=\"fusion-image-element \" style=\"--awb-caption-title-font-family:var(--h2_typography-font-family);--awb-caption-title-font-weight:var(--h2_typography-font-weight);--awb-caption-title-font-style:var(--h2_typography-font-style);--awb-caption-title-size:var(--h2_typography-font-size);--awb-caption-title-transform:var(--h2_typography-text-transform);--awb-caption-title-line-height:var(--h2_typography-line-height);--awb-caption-title-letter-spacing:var(--h2_typography-letter-spacing);\"><span class=\" fusion-imageframe imageframe-none imageframe-2 hover-type-none\"><img decoding=\"async\" width=\"908\" height=\"768\" title=\"Gemini_Generated_Image_tqmn4htqmn4htqmn\" src=\"https:\/\/mglaser.ch\/wp-content\/uploads\/2025\/11\/Gemini_Generated_Image_tqmn4htqmn4htqmn-1-e1762426965633.png\" alt class=\"img-responsive wp-image-1475\" srcset=\"https:\/\/mglaser.ch\/wp-content\/uploads\/2025\/11\/Gemini_Generated_Image_tqmn4htqmn4htqmn-1-e1762426965633-300x254.png 300w, https:\/\/mglaser.ch\/wp-content\/uploads\/2025\/11\/Gemini_Generated_Image_tqmn4htqmn4htqmn-1-e1762426965633-768x650.png 768w, https:\/\/mglaser.ch\/wp-content\/uploads\/2025\/11\/Gemini_Generated_Image_tqmn4htqmn4htqmn-1-e1762426965633.png 908w\" sizes=\"(max-width: 908px) 100vw, 908px\" \/><\/span><\/div><\/div><\/div><div class=\"fusion-layout-column fusion_builder_column fusion-builder-column-4 fusion_builder_column_1_2 1_2 fusion-flex-column fusion-flex-align-self-stretch\" style=\"--awb-bg-size:cover;--awb-width-large:50%;--awb-margin-top-large:0px;--awb-spacing-right-large:3.84%;--awb-margin-bottom-large:20px;--awb-spacing-left-large:3.84%;--awb-width-medium:50%;--awb-order-medium:0;--awb-spacing-right-medium:3.84%;--awb-spacing-left-medium:3.84%;--awb-width-small:100%;--awb-order-small:0;--awb-spacing-right-small:1.92%;--awb-spacing-left-small:1.92%;\"><div class=\"fusion-column-wrapper fusion-column-has-shadow fusion-flex-justify-content-center fusion-content-layout-column\"><div class=\"accordian fusion-accordian\" style=\"--awb-border-size:1px;--awb-icon-size:16px;--awb-content-font-size:var(--awb-typography4-font-size);--awb-icon-alignment:right;--awb-hover-color:#feecee;--awb-border-color:var(--awb-color3);--awb-background-color:#feecee;--awb-divider-color:var(--awb-color3);--awb-divider-hover-color:var(--awb-color3);--awb-icon-color:var(--awb-color1);--awb-title-color:var(--awb-color6);--awb-content-color:var(--awb-color8);--awb-icon-box-color:var(--awb-color4);--awb-toggle-hover-accent-color:var(--awb-color5);--awb-title-font-family:var(--awb-typography1-font-family);--awb-title-font-weight:var(--awb-typography1-font-weight);--awb-title-font-style:var(--awb-typography1-font-style);--awb-title-font-size:18px;--awb-content-font-family:var(--awb-typography4-font-family);--awb-content-font-weight:var(--awb-typography4-font-weight);--awb-content-font-style:var(--awb-typography4-font-style);\"><div class=\"panel-group fusion-toggle-icon-right fusion-toggle-icon-boxed\" id=\"accordion-1007-1\"><div class=\"fusion-panel panel-default panel-13c69841b19489547 fusion-toggle-no-divider fusion-toggle-boxed-mode\" style=\"--awb-title-color:var(--awb-color8);--awb-content-color:var(--awb-color8);\"><div class=\"panel-heading\"><h3 class=\"panel-title toggle\" id=\"toggle_13c69841b19489547\"><a aria-expanded=\"false\" aria-controls=\"13c69841b19489547\" role=\"button\" data-toggle=\"collapse\" data-target=\"#13c69841b19489547\" href=\"#13c69841b19489547\"><span class=\"fusion-toggle-icon-wrapper\" aria-hidden=\"true\"><i class=\"fa-fusion-box active-icon awb-icon-minus\" aria-hidden=\"true\"><\/i><i class=\"fa-fusion-box inactive-icon awb-icon-plus\" aria-hidden=\"true\"><\/i><\/span><span class=\"fusion-toggle-heading\">Was ist die Venezia Lift Methode?<\/span><\/a><\/h3><\/div><div id=\"13c69841b19489547\" class=\"panel-collapse collapse \" aria-labelledby=\"toggle_13c69841b19489547\"><div class=\"panel-body toggle-content fusion-clearfix\">\n<p>Eine neue Methode f\u00fcr Skin Rejuvenation &#8211; ohne Ausfallzeiten &#8211; ist der Venezia Lift mit dem fraktionierten CO2 Laser MiXto. Der Laser gibt sanft Hitze in das Gewebe, die Hautoberfl\u00e4che bleibt dabei intakt, es entstehen keine Krusten. F\u00e4ltchen, Augenringe, m\u00fcde und fahle Haut wird erfrischt und verj\u00fcngt, da die k\u00f6rpereigene Kollagen-Neubildung angeregt wird.<\/p>\n<\/div><\/div><\/div><div class=\"fusion-panel panel-default panel-4a81fea3b15e57011 fusion-toggle-no-divider fusion-toggle-boxed-mode\" style=\"--awb-title-color:var(--awb-color8);--awb-content-color:var(--awb-color8);\"><div class=\"panel-heading\"><h3 class=\"panel-title toggle\" id=\"toggle_4a81fea3b15e57011\"><a class=\"active\" aria-expanded=\"true\" aria-controls=\"4a81fea3b15e57011\" role=\"button\" data-toggle=\"collapse\" data-target=\"#4a81fea3b15e57011\" href=\"#4a81fea3b15e57011\"><span class=\"fusion-toggle-icon-wrapper\" aria-hidden=\"true\"><i class=\"fa-fusion-box active-icon awb-icon-minus\" aria-hidden=\"true\"><\/i><i class=\"fa-fusion-box inactive-icon awb-icon-plus\" aria-hidden=\"true\"><\/i><\/span><span class=\"fusion-toggle-heading\">Wieso ist der Venezia Lift sommertauglich?<\/span><\/a><\/h3><\/div><div id=\"4a81fea3b15e57011\" class=\"panel-collapse collapse in\" aria-labelledby=\"toggle_4a81fea3b15e57011\"><div class=\"panel-body toggle-content fusion-clearfix\">\n<p>Venezia gibt nur sanft Hitze ins Gewebe. \u00a0Die Oberfl\u00e4che der Haut bleibt intakt und dadurch ist das Risiko f\u00fcr Pigmentst\u00f6rungen durch Sonneneinstrahlung deutlich geringer. Die Ausfallzeit ist deutlich geringer, die Haut ist meist nur 2-3 Tage leicht ger\u00f6tet. Allerdings ist auch hier Sonnenschutz zwingend erforderlich.<\/p>\n<\/div><\/div><\/div><div class=\"fusion-panel panel-default panel-3d2d002a5ffe9b25a fusion-toggle-no-divider fusion-toggle-boxed-mode\" style=\"--awb-title-color:var(--awb-color8);--awb-content-color:var(--awb-color8);\"><div class=\"panel-heading\"><h3 class=\"panel-title toggle\" id=\"toggle_3d2d002a5ffe9b25a\"><a aria-expanded=\"false\" aria-controls=\"3d2d002a5ffe9b25a\" role=\"button\" data-toggle=\"collapse\" data-target=\"#3d2d002a5ffe9b25a\" href=\"#3d2d002a5ffe9b25a\"><span class=\"fusion-toggle-icon-wrapper\" aria-hidden=\"true\"><i class=\"fa-fusion-box active-icon awb-icon-minus\" aria-hidden=\"true\"><\/i><i class=\"fa-fusion-box inactive-icon awb-icon-plus\" aria-hidden=\"true\"><\/i><\/span><span class=\"fusion-toggle-heading\">Was ist der Unterschied zu MiXto Pro?<\/span><\/a><\/h3><\/div><div id=\"3d2d002a5ffe9b25a\" class=\"panel-collapse collapse \" aria-labelledby=\"toggle_3d2d002a5ffe9b25a\"><div class=\"panel-body toggle-content fusion-clearfix\">\n<p>Venezia ist ein zus\u00e4tzliches Modul mit eigenem Handst\u00fcck. Mit diesem k\u00f6nnen Sie non-ablativ arbeiten f\u00fcr ein sanftes Skin-Rejuvenation. Die Ausfallzeiten sind geringer wie beim ablativen MiXto. Die Compliance der Patienten ist dadurch oft h\u00f6her. Die Behandlung kann auch delegiert werden.<\/p>\n<\/div><\/div><\/div><div class=\"fusion-panel panel-default panel-cc02cca66c6c70058 fusion-toggle-no-divider fusion-toggle-boxed-mode\" style=\"--awb-title-color:var(--awb-color8);--awb-content-color:var(--awb-color8);\"><div class=\"panel-heading\"><h3 class=\"panel-title toggle\" id=\"toggle_cc02cca66c6c70058\"><a aria-expanded=\"false\" aria-controls=\"cc02cca66c6c70058\" role=\"button\" data-toggle=\"collapse\" data-target=\"#cc02cca66c6c70058\" href=\"#cc02cca66c6c70058\"><span class=\"fusion-toggle-icon-wrapper\" aria-hidden=\"true\"><i class=\"fa-fusion-box active-icon awb-icon-minus\" aria-hidden=\"true\"><\/i><i class=\"fa-fusion-box inactive-icon awb-icon-plus\" aria-hidden=\"true\"><\/i><\/span><span class=\"fusion-toggle-heading\">Welche Vorteile bietet mir Venezia Lift?<\/span><\/a><\/h3><\/div><div id=\"cc02cca66c6c70058\" class=\"panel-collapse collapse \" aria-labelledby=\"toggle_cc02cca66c6c70058\"><div class=\"panel-body toggle-content fusion-clearfix\">\n<ul>\n<li>geringe Downtime mit Erythemen von 2-3 Tagen, \u00fcberschminkbar<\/li>\n<li>bessere Patientencompliance<\/li>\n<li>keine Schmerzen, keine Krustenbildung auf der Haut, keine An\u00e4sthesie notwendig, kein Infektionsrisiko<\/li>\n<li>auch im Sommer m\u00f6glich<\/li>\n<li>Glow Effect<\/li>\n<li>delegierbar<\/li>\n<\/ul>\n<\/div><\/div><\/div><\/div><\/div><\/div><\/div><\/div><\/div><\/p>\n","protected":false},"featured_media":1055,"template":"","meta":{"_acf_changed":false},"department":[42,47],"product-categories":[41,44],"class_list":["post-1007","product","type-product","status-publish","has-post-thumbnail","hentry","department-asthetik","department-dermatologie","product-categories-asthetik","product-categories-co2-laser"],"acf":[],"_links":{"self":[{"href":"https:\/\/mglaser.ch\/home\/wp-json\/wp\/v2\/product\/1007","targetHints":{"allow":["GET"]}}],"collection":[{"href":"https:\/\/mglaser.ch\/home\/wp-json\/wp\/v2\/product"}],"about":[{"href":"https:\/\/mglaser.ch\/home\/wp-json\/wp\/v2\/types\/product"}],"wp:featuredmedia":[{"embeddable":true,"href":"https:\/\/mglaser.ch\/home\/wp-json\/wp\/v2\/media\/1055"}],"wp:attachment":[{"href":"https:\/\/mglaser.ch\/home\/wp-json\/wp\/v2\/media?parent=1007"}],"wp:term":[{"taxonomy":"department","embeddable":true,"href":"https:\/\/mglaser.ch\/home\/wp-json\/wp\/v2\/department?post=1007"},{"taxonomy":"product-categories","embeddable":true,"href":"https:\/\/mglaser.ch\/home\/wp-json\/wp\/v2\/product-categories?post=1007"}],"curies":[{"name":"wp","href":"https:\/\/api.w.org\/{rel}","templated":true}]}}